{"id":26,"date":"2025-01-30T11:33:19","date_gmt":"2025-01-30T11:33:19","guid":{"rendered":"https:\/\/dachtechnikhofmann.de\/?page_id=26"},"modified":"2025-01-30T12:17:30","modified_gmt":"2025-01-30T12:17:30","slug":"elementor-26","status":"publish","type":"page","link":"https:\/\/dachtechnikhofmann.de\/","title":{"rendered":"Hofmann Dachtechnik &#8211; Wartungsseite"},"content":{"rendered":"\t\t<div data-elementor-type=\"wp-page\" data-elementor-id=\"26\" class=\"elementor elementor-26\" data-elementor-post-type=\"page\">\n\t\t\t\t<div class=\"elementor-element elementor-element-0bcc78a e-con-full e-flex e-con e-parent\" data-id=\"0bcc78a\" data-element_type=\"container\">\n\t\t\t\t<div class=\"elementor-element elementor-element-8e49149 elementor-widget elementor-widget-html\" data-id=\"8e49149\" data-element_type=\"widget\" data-widget_type=\"html.default\">\n\t\t\t\t<div class=\"elementor-widget-container\">\n\t\t\t\t\t<style>\r\n        * {\r\n            margin: 0;\r\n            padding: 0;\r\n            box-sizing: border-box;\r\n        }\r\n\r\n        body {\r\n            font-family: Arial, sans-serif;\r\n            background-color: #000000;\r\n            color: #ffffff;\r\n            line-height: 1.6;\r\n        }\r\n\r\n        .container {\r\n            max-width: 1200px;\r\n            margin: 0 auto;\r\n            padding: 20px;\r\n        }\r\n\r\n        .logo {\r\n            text-align: center;\r\n            margin: 40px 0;\r\n        }\r\n\r\n        .logo img {\r\n            max-width: 400px;\r\n            width: 100%;\r\n            height: auto;\r\n        }\r\n\r\n        .header {\r\n            text-align: center;\r\n            margin-bottom: 40px;\r\n        }\r\n\r\n        .header h1 {\r\n            color: #ff6704;\r\n            font-size: 2em;\r\n            margin-bottom: 20px;\r\n        }\r\n\r\n        .content-grid {\r\n            display: grid;\r\n            grid-template-columns: 1fr;\r\n            gap: 30px;\r\n            margin-bottom: 40px;\r\n        }\r\n\r\n        @media (min-width: 768px) {\r\n            .content-grid {\r\n                grid-template-columns: 1fr 1fr;\r\n            }\r\n        }\r\n\r\n        .card {\r\n            background-color: rgba(255, 255, 255, 0.1);\r\n            padding: 30px;\r\n            border-radius: 8px;\r\n            backdrop-filter: blur(5px);\r\n        }\r\n\r\n        .contact-info h2, \r\n        .services h2 {\r\n            color: #ff6704;\r\n            margin-bottom: 20px;\r\n            font-size: 1.5em;\r\n        }\r\n\r\n        .contact-form {\r\n            display: flex;\r\n            flex-direction: column;\r\n            gap: 15px;\r\n        }\r\n\r\n        .form-group {\r\n            display: flex;\r\n            flex-direction: column;\r\n            gap: 5px;\r\n        }\r\n\r\n        .form-group label {\r\n            color: #ff6704;\r\n        }\r\n\r\n        .form-group input,\r\n        .form-group textarea {\r\n            padding: 10px;\r\n            border: 1px solid #ff6704;\r\n            background-color: rgba(255, 255, 255, 0.1);\r\n            color: #ffffff;\r\n            border-radius: 4px;\r\n        }\r\n\r\n        .form-group input:focus,\r\n        .form-group textarea:focus {\r\n            outline: none;\r\n            border-color: #ff8534;\r\n        }\r\n\r\n        button {\r\n            background-color: #ff6704;\r\n            color: white;\r\n            padding: 12px 24px;\r\n            border: none;\r\n            border-radius: 4px;\r\n            cursor: pointer;\r\n            font-size: 1em;\r\n            transition: background-color 0.3s;\r\n        }\r\n\r\n        button:hover {\r\n            background-color: #ff8534;\r\n        }\r\n\r\n        .services-list {\r\n            display: grid;\r\n            grid-template-columns: 1fr;\r\n            gap: 10px;\r\n        }\r\n\r\n        @media (min-width: 480px) {\r\n            .services-list {\r\n                grid-template-columns: 1fr 1fr;\r\n            }\r\n        }\r\n\r\n        .service-item {\r\n            display: flex;\r\n            align-items: center;\r\n            gap: 10px;\r\n        }\r\n\r\n        .description {\r\n            text-align: center;\r\n            margin: 40px 0;\r\n        }\r\n\r\n        .footer {\r\n            text-align: center;\r\n            color: #ff6704;\r\n            margin-top: 40px;\r\n            padding: 20px;\r\n        }\r\n\r\n        a {\r\n            color: #ff6704;\r\n            text-decoration: none;\r\n        }\r\n\r\n        a:hover {\r\n            text-decoration: underline;\r\n        }\r\n    <\/style>\t\t\t\t<\/div>\n\t\t\t\t<\/div>\n\t\t\t\t<div class=\"elementor-element elementor-element-fa0a8c2 elementor-widget elementor-widget-image\" data-id=\"fa0a8c2\" data-element_type=\"widget\" data-widget_type=\"image.default\">\n\t\t\t\t<div class=\"elementor-widget-container\">\n\t\t\t\t\t\t\t\t\t\t\t\t\t\t\t<img fetchpriority=\"high\" decoding=\"async\" width=\"800\" height=\"624\" src=\"https:\/\/dachtechnikhofmann.de\/wp-content\/uploads\/2025\/01\/a28e9bfd-5849-4682-9546-467390e69d15-1024x799.png\" class=\"attachment-large size-large wp-image-56\" alt=\"\" srcset=\"https:\/\/dachtechnikhofmann.de\/wp-content\/uploads\/2025\/01\/a28e9bfd-5849-4682-9546-467390e69d15-1024x799.png 1024w, https:\/\/dachtechnikhofmann.de\/wp-content\/uploads\/2025\/01\/a28e9bfd-5849-4682-9546-467390e69d15-300x234.png 300w, https:\/\/dachtechnikhofmann.de\/wp-content\/uploads\/2025\/01\/a28e9bfd-5849-4682-9546-467390e69d15-768x599.png 768w, https:\/\/dachtechnikhofmann.de\/wp-content\/uploads\/2025\/01\/a28e9bfd-5849-4682-9546-467390e69d15.png 1280w\" sizes=\"(max-width: 800px) 100vw, 800px\" \/>\t\t\t\t\t\t\t\t\t\t\t\t\t\t\t<\/div>\n\t\t\t\t<\/div>\n\t\t\t\t<div class=\"elementor-element elementor-element-34ba87b elementor-widget elementor-widget-heading\" data-id=\"34ba87b\" data-element_type=\"widget\" data-widget_type=\"heading.default\">\n\t\t\t\t<div class=\"elementor-widget-container\">\n\t\t\t\t\t<span class=\"elementor-heading-title elementor-size-default\"><div class=\"header\">\n            <h1>Hofmann Dachtechnik \u2013 Wir sind bald f\u00fcr Sie online!<\/h1>\n            <p>Unsere Webseite befindet sich aktuell im Aufbau, aber wir sind nat\u00fcrlich weiterhin f\u00fcr Sie da!<\/p>\n        <\/div><\/span>\t\t\t\t<\/div>\n\t\t\t\t<\/div>\n\t\t\t\t<\/div>\n\t\t<div class=\"elementor-element elementor-element-69007d1 e-grid content-grid e-con-boxed e-con e-parent\" data-id=\"69007d1\" data-element_type=\"container\">\n\t\t\t\t\t<div class=\"e-con-inner\">\n\t\t\t\t<div class=\"elementor-element elementor-element-0d68ade elementor-widget elementor-widget-html\" data-id=\"0d68ade\" data-element_type=\"widget\" data-widget_type=\"html.default\">\n\t\t\t\t<div class=\"elementor-widget-container\">\n\t\t\t\t\t<div class=\"card contact-info\">\r\n                <h2>\ud83d\udccd Adresse<\/h2>\r\n                <p>Hofmann Dachtechnik<\/p>\r\n                <p>Karlsbader Str. 11<\/p>\r\n                <p>35606 Niederbiel<\/p>\r\n\r\n                <h2>\ud83d\udcde Telefon<\/h2>\r\n                <p>Festnetz: 06442 - 9220135<\/p>\r\n                <p>Mobil: 01511 - 9415936<\/p>\r\n\r\n                <h2>\ud83d\udce7 E-Mail<\/h2>\r\n                <p><a href=\"mailto:kontakt@dachtechnikhofmann.de\">kontakt@dachtechnikhofmann.de<\/a><\/p>\r\n            <\/div>\t\t\t\t<\/div>\n\t\t\t\t<\/div>\n\t\t<div class=\"elementor-element elementor-element-35f308b e-con-full card e-flex e-con e-child\" data-id=\"35f308b\" data-element_type=\"container\">\n\t\t\t\t<div class=\"elementor-element elementor-element-f2ce07c contact-form elementor-button-align-stretch elementor-widget elementor-widget-form\" data-id=\"f2ce07c\" data-element_type=\"widget\" id=\"contactForm\" data-settings=\"{&quot;step_next_label&quot;:&quot;Next&quot;,&quot;step_previous_label&quot;:&quot;Previous&quot;,&quot;button_width&quot;:&quot;100&quot;,&quot;step_type&quot;:&quot;number_text&quot;,&quot;step_icon_shape&quot;:&quot;circle&quot;}\" data-widget_type=\"form.default\">\n\t\t\t\t<div class=\"elementor-widget-container\">\n\t\t\t\t\t\t\t<form class=\"elementor-form\" method=\"post\" name=\"New Form\">\n\t\t\t<input type=\"hidden\" name=\"post_id\" value=\"26\"\/>\n\t\t\t<input type=\"hidden\" name=\"form_id\" value=\"f2ce07c\"\/>\n\t\t\t<input type=\"hidden\" name=\"referer_title\" value=\"\" \/>\n\n\t\t\t\t\t\t\t<input type=\"hidden\" name=\"queried_id\" value=\"26\"\/>\n\t\t\t\n\t\t\t<div class=\"elementor-form-fields-wrapper elementor-labels-above\">\n\t\t\t\t\t\t\t\t<div class=\"elementor-field-type-text elementor-field-group elementor-column elementor-field-group-name elementor-col-100\">\n\t\t\t\t\t\t\t\t\t\t\t\t<label for=\"form-field-name\" class=\"elementor-field-label\">\n\t\t\t\t\t\t\t\tName\t\t\t\t\t\t\t<\/label>\n\t\t\t\t\t\t\t\t\t\t\t\t\t\t<input size=\"1\" type=\"text\" name=\"form_fields[name]\" id=\"form-field-name\" class=\"elementor-field elementor-size-sm  elementor-field-textual\" placeholder=\"Name\">\n\t\t\t\t\t\t\t\t\t\t\t<\/div>\n\t\t\t\t\t\t\t\t<div class=\"elementor-field-type-email elementor-field-group elementor-column elementor-field-group-email elementor-col-100 elementor-field-required\">\n\t\t\t\t\t\t\t\t\t\t\t\t<label for=\"form-field-email\" class=\"elementor-field-label\">\n\t\t\t\t\t\t\t\tE-Mail\t\t\t\t\t\t\t<\/label>\n\t\t\t\t\t\t\t\t\t\t\t\t\t\t<input size=\"1\" type=\"email\" name=\"form_fields[email]\" id=\"form-field-email\" class=\"elementor-field elementor-size-sm  elementor-field-textual\" placeholder=\"E-Mail\" required=\"required\">\n\t\t\t\t\t\t\t\t\t\t\t<\/div>\n\t\t\t\t\t\t\t\t<div class=\"elementor-field-type-textarea elementor-field-group elementor-column elementor-field-group-message elementor-col-100\">\n\t\t\t\t\t\t\t\t\t\t\t\t<label for=\"form-field-message\" class=\"elementor-field-label\">\n\t\t\t\t\t\t\t\tNachricht\t\t\t\t\t\t\t<\/label>\n\t\t\t\t\t\t<textarea class=\"elementor-field-textual elementor-field  elementor-size-sm\" name=\"form_fields[message]\" id=\"form-field-message\" rows=\"4\" placeholder=\"Nachricht\"><\/textarea>\t\t\t\t<\/div>\n\t\t\t\t\t\t\t\t<div class=\"elementor-field-type-recaptcha elementor-field-group elementor-column elementor-field-group-field_d201569 elementor-col-100\">\n\t\t\t\t\t<div class=\"elementor-field\" id=\"form-field-field_d201569\"><div class=\"elementor-g-recaptcha\" data-sitekey=\"6Lck1ccqAAAAACP59zpTvFHVhI9f3xBLPo8JgJjR\" data-type=\"v2_checkbox\" data-theme=\"light\" data-size=\"normal\"><\/div><\/div>\t\t\t\t<\/div>\n\t\t\t\t\t\t\t\t<div class=\"elementor-field-group elementor-column elementor-field-type-submit elementor-col-100 e-form__buttons\">\n\t\t\t\t\t<button class=\"elementor-button elementor-size-sm\" type=\"submit\">\n\t\t\t\t\t\t<span class=\"elementor-button-content-wrapper\">\n\t\t\t\t\t\t\t\t\t\t\t\t\t\t\t\t\t\t\t\t\t\t<span class=\"elementor-button-text\">Nachricht senden<\/span>\n\t\t\t\t\t\t\t\t\t\t\t\t\t<\/span>\n\t\t\t\t\t<\/button>\n\t\t\t\t<\/div>\n\t\t\t<\/div>\n\t\t<\/form>\n\t\t\t\t\t\t<\/div>\n\t\t\t\t<\/div>\n\t\t\t\t<\/div>\n\t\t\t\t\t<\/div>\n\t\t\t\t<\/div>\n\t\t<div class=\"elementor-element elementor-element-5ddaa33 e-flex e-con-boxed e-con e-parent\" data-id=\"5ddaa33\" data-element_type=\"container\">\n\t\t\t\t\t<div class=\"e-con-inner\">\n\t\t\t\t<div class=\"elementor-element elementor-element-acfe279 elementor-widget elementor-widget-html\" data-id=\"acfe279\" data-element_type=\"widget\" data-widget_type=\"html.default\">\n\t\t\t\t<div class=\"elementor-widget-container\">\n\t\t\t\t\t<div class=\"card\">\r\n            <h2 style=\"text-align:center\">Unsere Leistungen<\/h2>\r\n            <div class=\"services-list\">\r\n                <div class=\"service-item\">\u2705 Dacheindeckung<\/div>\r\n                <div class=\"service-item\">\u2705 Dachausbau<\/div>\r\n                <div class=\"service-item\">\u2705 W\u00e4rmed\u00e4mmung<\/div>\r\n                <div class=\"service-item\">\u2705 Spenglerarbeiten<\/div>\r\n                <div class=\"service-item\">\u2705 Holzbau<\/div>\r\n                <div class=\"service-item\">\u2705 Fassadenbau<\/div>\r\n                <div class=\"service-item\">\u2705 Baubedarf-Verleih<\/div>\r\n            <\/div>\r\n        <\/div>\r\n\r\n\r\n<div class=\"description\">\r\n            <div class=\"card\">\r\n                <h2 style=\"text-align:center>Ihr Dachdecker aus Solms \u2013 Qualit\u00e4t vom Fachmann<\/h2>\r\n                <p>Ob energetische Dachsanierung, Dachausbau, Einbau von Dachfenstern, Kleinreparaturen oder traditionelle Dacheindeckung mit Naturschiefer oder Ziegel \u2013 wir beraten Sie fachgerecht und individuell.<\/p>\r\n                <br>\r\n                <p>Ist das Konzept erstellt, \u00fcberzeugt unser Team von der Planung bis zur Fertigstellung mit handwerklicher Pr\u00e4zision und zuverl\u00e4ssiger Qualit\u00e4tsarbeit. Selbstverst\u00e4ndlich erhalten Sie von uns ein kostenloses Angebot \u2013 unabh\u00e4ngig vom Auftragsvolumen.<\/p>\r\n            <\/div>\r\n        <\/div>\r\n        \r\n        \r\n        <div class=\"card\">\r\n            <h2>\ud83d\udd28 Schon gewusst?<\/h2>\r\n            <p>Wir verleihen Bauzubeh\u00f6r wie Ger\u00fcst, Schuttrutsche und Schr\u00e4gaufzug. Preise gibt es auf Anfrage!<\/p>\r\n        <\/div>\r\n\r\n        <div class=\"footer\">\r\n            <p>\ud83d\udce2 Bald mehr auf unserer neuen Webseite \u2013 bleiben Sie gespannt!<\/p>\r\n        <\/div>\t\t\t\t<\/div>\n\t\t\t\t<\/div>\n\t\t\t\t\t<\/div>\n\t\t\t\t<\/div>\n\t\t\t\t<\/div>\n\t\t","protected":false},"excerpt":{"rendered":"<p>Hofmann Dachtechnik \u2013 Wir sind bald f\u00fcr Sie online! Unsere Webseite befindet sich aktuell im Aufbau, aber wir sind nat\u00fcrlich weiterhin f\u00fcr Sie da! \ud83d\udccd Adresse Hofmann Dachtechnik Karlsbader Str. 11 35606 Niederbiel \ud83d\udcde Telefon Festnetz: 06442 &#8211; 9220135 Mobil: 01511 &#8211; 9415936 \ud83d\udce7 E-Mail kontakt@dachtechnikhofmann.de Unsere Leistungen \u2705 Dacheindeckung \u2705 Dachausbau \u2705 W\u00e4rmed\u00e4mmung \u2705 [&hellip;]<\/p>\n","protected":false},"author":2,"featured_media":0,"parent":0,"menu_order":0,"comment_status":"closed","ping_status":"closed","template":"elementor_canvas","meta":{"footnotes":""},"class_list":["post-26","page","type-page","status-publish","hentry"],"_links":{"self":[{"href":"https:\/\/dachtechnikhofmann.de\/index.php?rest_route=\/wp\/v2\/pages\/26","targetHints":{"allow":["GET"]}}],"collection":[{"href":"https:\/\/dachtechnikhofmann.de\/index.php?rest_route=\/wp\/v2\/pages"}],"about":[{"href":"https:\/\/dachtechnikhofmann.de\/index.php?rest_route=\/wp\/v2\/types\/page"}],"author":[{"embeddable":true,"href":"https:\/\/dachtechnikhofmann.de\/index.php?rest_route=\/wp\/v2\/users\/2"}],"replies":[{"embeddable":true,"href":"https:\/\/dachtechnikhofmann.de\/index.php?rest_route=%2Fwp%2Fv2%2Fcomments&post=26"}],"version-history":[{"count":31,"href":"https:\/\/dachtechnikhofmann.de\/index.php?rest_route=\/wp\/v2\/pages\/26\/revisions"}],"predecessor-version":[{"id":137,"href":"https:\/\/dachtechnikhofmann.de\/index.php?rest_route=\/wp\/v2\/pages\/26\/revisions\/137"}],"wp:attachment":[{"href":"https:\/\/dachtechnikhofmann.de\/index.php?rest_route=%2Fwp%2Fv2%2Fmedia&parent=26"}],"curies":[{"name":"wp","href":"https:\/\/api.w.org\/{rel}","templated":true}]}}